
12
Let o be (0 - -1 - -4)*3. Suppose -3*a - 2*l + 7 = 0, -4 = -2*a - 0*l - 2*l. What is the remainder when a is divided by ((-4)/10)/((-3)/o)?
1
Let a = -26 - -27. Calculate the remainder when (a - 5)*27/(-4) is divided by 15.
12
Calculate the remainder when 4/10 + (-1112)/(-20) is divided by 12.
8
Let t(n) = -3*n**2 + 4*n - 1. Let d(s) = -2*s - 1. Let v be d(-2). Let g be t(v). What is the remainder when 41 is divided by ((-21)/4)/(6/g)?
13
Let o(l) = l**2 - l - 4. Suppose 3*u + 11 = 5*m, 0 = u - 2*u - 2*m - 11. What is the remainder when o(u) is divided by 18?
16
Let p = 7 - 3. Suppose 2*f - 16 = -4*r + f, 5*r = -3*f + 20. Suppose 2*i - 54 = p*h, 36 - 144 = -r*i - h. Calculate the remainder when i is divided by 14.
13
Let f = 74 + -135. Let h = -26 - f. What is the remainder when h is divided by 18?
17
Let t(b) = 2*b**2 - b - 11. What is the remainder when 62 is divided by t(4)?
11
Let j(n) = -n**3 + 6*n**2 - n - 6. Let c(v) = -55*v. Calculate the remainder when c(-1) is divided by j(5).
13
Let n = -1 - -1. Suppose n = 3*u - 22 - 41. Calculate the remainder when u is divided by 11.
10
What is the remainder when 18 is divided by ((-9)/(-6))/((-15)/(-110))?
7
What is the remainder when ((-4)/5)/((-7)/455) is divided by 6?
4
Let c(u) be the first derivative of 8*u - 1 + 1/2*u**2. What is the remainder when c(-4) is divided by 2?
0
Let j = 13 - 11. Suppose 3*q - 3*v - 20 = j*v, 27 = 5*q - 2*v. What is the remainder when 12 is divided by q?
2
Let y(p) = -p**3 + 14*p**2 + p - 8. What is the remainder when 23 is divided by y(14)?
5
Suppose -j = 5*d + 2*j - 31, -4*d - 4*j = -28. What is the remainder when 21 is divided by d?
1
Suppose -6*z + 120 = -2*z. What is the remainder when z is divided by (1 - -3)/((-1)/(-2))?
6
Suppose -v - 5 = -15. What is the remainder when v is divided by 3?
1
Let s = -158 + 170. Calculate the remainder when 70 is divided by s.
10
Let g(k) = 3*k**2 - 3*k - 2. Let o be g(5). Let u = o + -38. Suppose -u = -4*b + 3*b. What is the remainder when b is divided by 11?
9
Let y(h) = 20*h**2 - 8*h + 14. What is the remainder when y(2) is divided by 16?
14
Suppose -b = -2*b + 214. What is the remainder when b is divided by 18?
16
Let f(p) = 13*p - 328. Suppose 0 = -2*r + 81 + 9. What is the remainder when r is divided by f(27)?
22
Suppose 2*k + 0*k - 44 = 0. Let h be (-2)/(0 - 2)*181. Suppose 4*p = h + 75. Calculate the remainder when p is divided by k.
20
Let u(l) = -4*l**3 + 4*l**2 - 4*l + 3. Let o be u(2). Let p = -5 - o. What is the remainder when 31 is divided by p?
15
Suppose 0 = -2*s + n + 25, s - 20 = 2*n - 3. What is the remainder when s is divided by 6?
5
Let y(a) be the first derivative of -a**4/4 + 5*a**3/3 + 9*a**2/2 - 3*a + 6. Calculate the remainder when 43 is divided by y(6).
13
Let h be 4 + -5 + 3 + 0. Suppose 0 = -3*m - 0*m. Suppose m*l = -h*d + l + 27, -l - 55 = -4*d. Calculate the remainder when d is divided by 4.
2
What is the remainder when (1 - -1)*(-13)/(-1) is divided by 14?
12
Suppose 28 = 4*k + l + 1, 2*k - 11 = -l. What is the remainder when 12 is divided by k?
4
Suppose 104 = 2*k - 0*k. Suppose 4*d + 109 = 8*d - 5*j, 0 = -5*d + 5*j + 130. Let a = k - d. Calculate the remainder when a is divided by 16.
15
Let i(x) = 2*x + 79. Calculate the remainder when i(13) is divided by 55.
50
Let i = 16 - 4. Let t(q) = q**3 - 4*q**2 - 5*q + 4. What is the remainder when t(6) is divided by i?
10
Suppose -3*r - 4*c + 79 = -8*c, 0 = 4*c + 4. Calculate the remainder when r is divided by 9.
7
Let v = 18 + -8. Let s(g) = -g**2 + 6*g - 1. Let h = 7 + -2. Calculate the remainder when v is divided by s(h).
2
Let o be (-84)/2*6/(-18). Suppose o + 24 = 2*g. What is the remainder when g is divided by 10?
9
Let l = 17 + -10. Suppose g + 1 = 0, -2*c + l = 4*g - 13. Let m = -49 + 72. Calculate the remainder when m is divided by c.
11
Suppose d + 6 - 4 = 0, 3*d = -g + 2. Let l = 5 - g. What is the remainder when 44 is divided by (-3)/l*13 - -2?
14
Suppose 0 = -3*w - 20 + 104. What is the remainder when w is divided by 11?
6
Suppose 5*v = 9*y - 14*y + 35, -5*y + 5 = 0. What is the remainder when v is divided by 4?
2
Let q = 1 + 1. Suppose -q*k + 3*k - 10 = -4*n, -50 = -5*k + 4*n. Calculate the remainder when 18 is divided by k.
8
Let t = 34 + -3. Calculate the remainder when t is divided by 8.
7
Suppose h - 30 = -4*h. Let n = 6 - 7. What is the remainder when 11 - (1 + n)/2 is divided by h?
5
Let r(c) = -21*c - 1. Let i(x) = x - 24. Let p(k) = -3*k + 72. Let w(h) = 8*i(h) + 3*p(h). What is the remainder when r(-2) is divided by w(10)?
13
Let h(r) = -12*r - 5. Let m be h(13). Let p = 275 + m. Calculate the remainder when p is divided by 29.
27
Suppose 4*p + 2*t - 146 = 4*t, -5*p + t + 184 = 0. What is the remainder when p is divided by 13?
11
Calculate the remainder when 238/18 + (-2)/9 is divided by 7.
6
Let s = -53 + 62. What is the remainder when s is divided by 5?
4
Suppose j - 13 = 15. Suppose c = j - 4. What is the remainder when c is divided by 9?
6
Suppose 3*n = 19 + 11. Calculate the remainder when n is divided by (9/(-12))/(3/(-12)).
1
Suppose -11*n = -6*n - 100. Suppose 0 = -t + 6*t - 955. Suppose -5*o + t = -q, -o + 31 = -q - q. What is the remainder when o is divided by n?
19
Let d = 19 + 20. Let b = 66 - d. Calculate the remainder when b is divided by 10.
7
Let c(w) = 4*w. Let l be c(1). Let z = l - 1. Let d(t) = -t**2 + 6*t + 10. Calculate the remainder when z is divided by d(7).
0
Suppose k = 37 - 12. Calculate the remainder when 72 is divided by k.
22
Suppose 4 = 4*v - 8. Let o(i) = v + 2*i - 4 - 5. Calculate the remainder when 23 is divided by o(7).
7
What is the remainder when 12 is divided by (-5)/((-1 - -3)/(-2))?
2
Let u(r) = 11*r**2 - 2*r - 8. What is the remainder when u(-2) is divided by 15?
10
Let l(n) = 10*n**3 - 2*n**2 + 2*n - 1. What is the remainder when 161 is divided by l(1)?
8
Let s(w) = -10*w + 0 - 1 + 0. Let v be s(-1). What is the remainder when 11 is divided by 8/3*v/4?
5
Let d = 65 + -38. Let p = 44 - d. What is the remainder when 83 is divided by p?
15
Suppose -3*q = y + 11, -8*y - 8 = -4*y + 3*q. Let g be (y - (0 + -3))*-1. Calculate the remainder when 23 is divided by (-98)/(-8) - g/(-16).
11
Let g be (76/(-10))/((-14)/35). Suppose n - 4*t + 6*t - g = 0, 4*n = -2*t + 76. Calculate the remainder when 56 is divided by n.
18
Let w(t) = t + 5. Suppose 3*o + 5*k = 60, -5*o + 4*k + 24 + 113 = 0. What is the remainder when o is divided by w(4)?
7
Suppose 3*l + 0*l = t - 11, -3*t = -3*l - 45. Let z be (-4)/18 + (-2)/(-9). Suppose z = -5*n + 19 + 26. What is the remainder when t is divided by n?
8
Let q(d) = -8*d**3 - 4*d**2 - d + 4. Calculate the remainder when q(-2) is divided by 5.
4
Let j = -1 + 1. Suppose j = k - 27 + 9. What is the remainder when k is divided by 5?
3
Let q(y) = 3*y - 5. Let f be q(4). Let p = f + -4. Calculate the remainder when p is divided by 2.
1
Suppose 5*s - 24 = 4*s - 3*k, -2*s = -5*k - 15. Calculate the remainder when 72 is divided by s.
12
Suppose -4*t - 18 = -5*t. Calculate the remainder when 70 is divided by t.
16
Suppose 6 = 4*o - 6, 5*j + 4*o = 42. Calculate the remainder when 44 is divided by j.
2
Suppose -3*z - 203 = -4*y, -2*y + 100 = -5*z + 3*z. Suppose -u - 3*q + 38 = 4*u, 3*q + 32 = 2*u. Calculate the remainder when y is divided by (-10)/4*(-56)/u.
11
Let m = 36 - 20. Suppose -4*h + q = -13, -3 = 2*h - 3*q - 22. What is the remainder when (-1)/(h - 190/94) is divided by m?
15
Suppose -5*s = -4*v - 637, -4*s + 318 + 191 = -3*v. What is the remainder when s is divided by 32?
29
Let d = 48 - 1. What is the remainder when d is divided by 10?
7
Suppose -3*w + 4*j - 6 + 21 = 0, w - 3*j = 5. Suppose -n = -w*n + 220. Suppose -2*l + 47 = 9. What is the remainder when n is divided by l?
17
Let u(a) = -a + 8. Calculate the remainder when 99 is divided by u(-17).
24
Suppose k = g + 3, 0 = 5*k - g - 3 - 28. Suppose 12*q - k*q - 55 = 0. What is the remainder when q is divided by 3?
2
Calculate the remainder when ((-1)/(4/18))/(16/(-96)) is divided by 8.
3
Let i(l) be the first derivative of -l**3/3 - 4*l**2 + 10*l + 6. Calculate the remainder when 3 is divided by i(-9).
0
Let r(w) = -w**3 - 3*w**2 - 3*w + 1. What is the remainder when 24 is divided by r(-3)?
4
Let b = 18